 prime factors of 2383.
2383
What are the prime factors of 6339?
3, 2113
What are the prime factors of 123202?
2, 229, 269
What are the prime factors of 2123?
11, 193
List the prime factors of 1812.
2, 3, 151
List the prime factors of 8266.
2, 4133
List the prime factors of 33708.
2, 3, 53
List the prime factors of 2805.
3, 5, 11, 17
What are the prime factors of 18698?
2, 9349
List the prime factors of 2784.
2, 3, 29
What are the prime factors of 125008?
2, 13, 601
List the prime factors of 688.
2, 43
What are the prime factors of 887?
887
List the prime factors of 39035.
5, 37, 211
What are the prime factors of 802?
2, 401
What are the prime factors of 276?
2, 3, 23
What are the prime factors of 1490?
2, 5, 149
What are the prime factors of 17247?
3, 5749
List the prime factors of 1096.
2, 137
List the prime factors of 1245.
3, 5, 83
List the prime factors of 41684.
2, 17, 613
List the prime factors of 1035.
3, 5, 23
What are the prime factors of 1623?
3, 541
What are the prime factors of 478?
2, 239
List the prime factors of 37748.
2, 9437
List the prime factors of 171.
3, 19
What are the prime factors of 19497?
3, 67, 97
What are the prime factors of 8141?
7, 1163
List the prime factors of 5385.
3, 5, 359
List the prime factors of 10421.
17, 613
List the prime factors of 82205.
5, 41, 401
List the prime factors of 8696.
2, 1087
List the prime factors of 7667.
11, 17, 41
List the prime factors of 348.
2, 3, 29
What are the prime factors of 84511?
7, 12073
What are the prime factors of 76595?
5, 15319
What are the prime factors of 12979?
12979
List the prime factors of 20998.
2, 10499
What are the prime factors of 28328?
2, 3541
List the prime factors of 488.
2, 61
List the prime factors of 4259.
4259
List the prime factors of 14732.
2, 29, 127
List the prime factors of 129170.
2, 5, 12917
List the prime factors of 92240.
2, 5, 1153
List the prime factors of 877.
877
List the prime factors of 1008.
2, 3, 7
What are the prime factors of 32?
2
List the prime factors of 11078.
2, 29, 191
List the prime factors of 15056.
2, 941
What are the prime factors of 26162?
2, 103, 127
List the prime factors of 1612.
2, 13, 31
List the prime factors of 429.
3, 11, 13
What are the prime factors of 125893?
67, 1879
What are the prime factors of 769?
769
List the prime factors of 1822.
2, 911
List the prime factors of 5204.
2, 1301
List the prime factors of 2301.
3, 13, 59
List the prime factors of 147001.
29, 37, 137
List the prime factors of 8426.
2, 11, 383
What are the prime factors of 118?
2, 59
List the prime factors of 2008.
2, 251
List the prime factors of 8991.
3, 37
List the prime factors of 10215.
3, 5, 227
List the prime factors of 8749.
13, 673
List the prime factors of 31892.
2, 7, 17, 67
What are the prime factors of 267?
3, 89
List the prime factors of 15511.
15511
What are the prime factors of 10135?
5, 2027
List the prime factors of 1139.
17, 67
What are the prime factors of 2095?
5, 419
List the prime factors of 10726.
2, 31, 173
What are the prime factors of 215?
5, 43
What are the prime factors of 483?
3, 7, 23
List the prime factors of 4739.
7, 677
What are the prime factors of 6446?
2, 11, 293
What are the prime factors of 14404?
2, 13, 277
List the prime factors of 30711.
3, 29, 353
List the prime factors of 1801.
1801
List the prime factors of 2093.
7, 13, 23
What are the prime factors of 15592?
2, 1949
List the prime factors of 14203.
7, 2029
List the prime factors of 2049.
3, 683
What are the prime factors of 88023?
3, 13, 37, 61
What are the prime factors of 13331?
13331
What are the prime factors of 13776?
2, 3, 7, 41
What are the prime factors of 7238?
2, 7, 11, 47
List the prime factors of 432.
2, 3
List the prime factors of 24952.
2, 3119
What are the prime factors of 594?
2, 3, 11
What are the prime factors of 1378?
2, 13, 53
List the prime factors of 2074.
2, 17, 61
List the prime factors of 1310.
2, 5, 131
List the prime factors of 11748.
2, 3, 11, 89
What are the prime factors of 1061?
1061
List the prime factors of 686.
2, 7
What are the prime factors of 44697?
3, 47, 317
What are the prime factors of 41237?
7, 43, 137
What are the prime factors of 52005?
3, 5, 3467
What are the prime factors of 5707?
13, 439
List the prime factors of 4394.
2, 13
What are the prime factors of 109805?
5, 21961
What are the prime factors of 1184?
2, 37
What are the prime factors of 3149?
47, 67
What are the prime factors of 2667?
3, 7, 127
What are the prime factors of 17818?
2, 59, 151
List the prime factors of 20992.
2, 41
List the prime factors of 708.
2, 3, 59
What are the prime factors of 1411?
17, 83
List the prime factors of 133083.
3, 31, 53
What are the prime factors of 18693?
3, 31, 67
What are the prime factors of 211?
211
List the prime factors of 121056.
2, 3, 13, 97
What are the prime factors of 28589?
11, 23, 113
What are the prime factors of 4844?
2, 7, 173
List the prime factors of 1105.
5, 13, 17
List the prime factors of 961.
31
List the prime factors of 931.
7, 19
List the prime factors of 4536.
2, 3, 7
List the prime factors of 3839.
11, 349
What are the prime factors of 941?
941
List the prime factors of 11361.
3, 7, 541
What are the prime factors of 4620?
2, 3, 5, 7, 11
List the prime factors of 50326.
2, 25163
List the prime factors of 6265.
5, 7, 179
List the prime factors of 44772.
2, 3, 7, 13, 41
What are the prime factors of 15727?
15727
List the prime factors of 2213.
2213
List the prime factors of 94193.
11, 8563
What are the prime factors of 268?
2, 67
What are the prime factors of 793?
13, 61
What are the prime factors of 4405?
5, 881
What are the prime factors of 46607?
11, 19, 223
What are the prime factors of 1586?
2, 13, 61
List the prime factors of 6482.
2, 7, 463
List the prime factors of 10334.
2, 5167
What are the prime factors of 916?
2, 229
What are the prime factors of 1001?
7, 11, 13
List the prime factors of 5535.
3, 5, 41
List the prime factors of 46824.
2, 3, 1951
List the prime factors of 4772.
2, 1193
List the prime factors of 64698.
2, 3, 41, 263
List the prime factors of 1593.
3, 59
What are the prime factors of 91925?
5, 3677
List the prime factors of 24171.
3, 7, 1151
What are the prime factors of 1675?
5, 67
List the prime factors of 22097.
19, 1163
What are the prime factors of 30938?
2, 31, 499
List the prime factors of 14145.
3, 5, 23, 41
List the prime factors of 2296.
2, 7, 41
List the prime factors of 76814.
2, 193, 199
List the prime factors of 10786.
2, 5393
What are the prime factors of 16393?
13, 97
What are the prime factors of 7006?
2, 31, 113
List the prime factors of 1514.
2, 757
What are the prime factors of 6870?
2, 3, 5, 229
List the prime factors of 382.
2, 191
List the prime factors of 90373.
90373
List the prime factors of 1637.
1637
What are the prime factors of 63429?
3, 21143
List the prime factors of 15971.
15971
What are the prime factors of 383?
383
What are the prime factors of 12007?
12007
List the prime factors of 121218.
2, 3, 89, 227
What are the prime factors of 1398?
2, 3, 233
List the prime factors of 254.
2, 127
List the prime factors of 10212.
2, 3, 23, 37
What are the prime factors of 421?
421
What are the prime factors of 100260?
2, 3, 5, 557
List the prime factors of 307.
307
What are the prime factors of 841?
29
List the prime factors of 6369.
3, 11, 193
List the prime factors of 22862.
2, 7, 23, 71
List the prime factors of 6855.
3, 5, 457
List the prime factors of 2597.
7, 53
List the prime factors of 10744.
2, 17, 79
What are the prime factors of 137063?
41, 3343
What are the prime factors of 71181?
3, 11, 719
What are the prime factors of 18240?
2, 3, 5, 19
List the prime factors of 18592.
2, 7, 83
List the prime factors of 53028.
2, 3, 491
What are the prime factors of 1771?
7, 11, 23
What are the prime factors of 118349?
7, 11, 29, 53
What are the prime factors of 9671?
19, 509
List the prime factors of 671.
11, 61
What are the prime factors of 1747?
1747
What are the prime factors of 18174?
2, 3, 13, 233
List the prime factors of 62829.
3, 13, 179
What are the prime factors of 2051?
7, 293
What are the prime factors of 1219?
23, 53
List the prime factors of 69793.
71, 983
List the prime factors of 4316.
2, 13, 83
List the prime factors 